{"id":235,"date":"2020-07-27T19:49:53","date_gmt":"2020-07-27T19:49:53","guid":{"rendered":"https:\/\/grad-svetanedelja.hr\/de\/?page_id=235"},"modified":"2020-07-29T08:31:37","modified_gmt":"2020-07-29T08:31:37","slug":"stadtsymbole","status":"publish","type":"page","link":"https:\/\/grad-svetanedelja.hr\/de\/unsere-stadt\/stadtsymbole\/","title":{"rendered":"Stadtsymbole"},"content":{"rendered":"<p style=\"text-align: center;\">Das Wappen der Stadt Sveta Nedelja besitzt die Form eines Schildes und ist von blauer Farbe. Auf dem Schild befinden sich drei wei\u00dfe miteinander verflochtene Ringe. Die Ringe sind, ebenso wie der Schild, von einer schwarzen Umrandung eingefasst. Die ineinander greifenden Ringe symbolisieren die Heilige Dreifaltigkeit, die f\u00fcr die Stadt Sveta Nedelja von gro\u00dfer historischer Bedeutung ist. Der Dreifaltigkeitstag wird feierlich als Tag der Stadt begangen.<\/p>\n<p style=\"text-align: center;\"><img loading=\"lazy\" decoding=\"async\" class=\"alignnone size-full wp-image-237 aligncenter\" src=\"https:\/\/grad-svetanedelja.hr\/de\/wp-content\/uploads\/2020\/07\/grb_grad_sveta_nedelja.png\" alt=\"\" width=\"165\" height=\"216\" \/><\/p>\n<p style=\"text-align: center;\">Die Flagge der Stadt Sveta Nedelja ist von wei\u00dfer Farbe. In der Mitte der Flagge befindet sich beidseitig das Stadtwappen von Sveta Nedelja, das von einer schwarzen Umrandung eingefasst ist. Das Verh\u00e4ltnis zwischen Flaggenbreite und -h\u00f6he betr\u00e4gt 2:1.<\/p>\n<p style=\"text-align: center;\"><img loading=\"lazy\" decoding=\"async\" class=\"alignnone size-medium wp-image-238 aligncenter\" src=\"https:\/\/grad-svetanedelja.hr\/de\/wp-content\/uploads\/2020\/07\/zastava_grad_svete_nedelja-300x151.jpg\" alt=\"\" width=\"300\" height=\"151\" srcset=\"https:\/\/grad-svetanedelja.hr\/de\/wp-content\/uploads\/2020\/07\/zastava_grad_svete_nedelja-300x151.jpg 300w, https:\/\/grad-svetanedelja.hr\/de\/wp-content\/uploads\/2020\/07\/zastava_grad_svete_nedelja-200x100.jpg 200w, https:\/\/grad-svetanedelja.hr\/de\/wp-content\/uploads\/2020\/07\/zastava_grad_svete_nedelja-400x201.jpg 400w, https:\/\/grad-svetanedelja.hr\/de\/wp-content\/uploads\/2020\/07\/zastava_grad_svete_nedelja.jpg 452w\" sizes=\"auto, (max-width: 300px) 100vw, 300px\" \/><\/p>\n<p>&nbsp;<\/p>\n<p style=\"text-align: center;\"><strong>Der Tag der Stadt<\/strong><\/p>\n<p style=\"text-align: center;\">Die Feier zu Ehren des Tages der Stadt Sveta Nedelja f\u00e4llt mit dem Dreifaltigkeitstag (Mai\/Juni) zusammen. An diesem Tag finden zahlreiche Veranstaltungen statt: Gem\u00e4ldeausstellungen, klassische Musikkonzerte, Sportprogramme, ein buntes Unterhaltungsprogramm mit Auff\u00fchrungen von Kultur- und Kunstvereinen, ein unterhaltsames Abendprogramm mit Konzerten.<\/p>\n<p style=\"text-align: center;\"><img loading=\"lazy\" decoding=\"async\" class=\"aligncenter size-large wp-image-49\" src=\"https:\/\/grad-svetanedelja.hr\/de\/wp-content\/uploads\/2020\/07\/svned-1652-of-1759-1-1024x683.jpg\" alt=\"\" width=\"1024\" height=\"683\" srcset=\"https:\/\/grad-svetanedelja.hr\/de\/wp-content\/uploads\/2020\/07\/svned-1652-of-1759-1-1024x683.jpg 1024w, https:\/\/grad-svetanedelja.hr\/de\/wp-content\/uploads\/2020\/07\/svned-1652-of-1759-1-300x200.jpg 300w, https:\/\/grad-svetanedelja.hr\/de\/wp-content\/uploads\/2020\/07\/svned-1652-of-1759-1-768x512.jpg 768w, https:\/\/grad-svetanedelja.hr\/de\/wp-content\/uploads\/2020\/07\/svned-1652-of-1759-1-1536x1024.jpg 1536w, https:\/\/grad-svetanedelja.hr\/de\/wp-content\/uploads\/2020\/07\/svned-1652-of-1759-1-2048x1365.jpg 2048w, https:\/\/grad-svetanedelja.hr\/de\/wp-content\/uploads\/2020\/07\/svned-1652-of-1759-1-200x133.jpg 200w, https:\/\/grad-svetanedelja.hr\/de\/wp-content\/uploads\/2020\/07\/svned-1652-of-1759-1-400x267.jpg 400w, https:\/\/grad-svetanedelja.hr\/de\/wp-content\/uploads\/2020\/07\/svned-1652-of-1759-1-600x400.jpg 600w, https:\/\/grad-svetanedelja.hr\/de\/wp-content\/uploads\/2020\/07\/svned-1652-of-1759-1-800x533.jpg 800w, https:\/\/grad-svetanedelja.hr\/de\/wp-content\/uploads\/2020\/07\/svned-1652-of-1759-1-1200x800.jpg 1200w, https:\/\/grad-svetanedelja.hr\/de\/wp-content\/uploads\/2020\/07\/svned-1652-of-1759-1-1800x1200.jpg 1800w\" sizes=\"auto, (max-width: 1024px) 100vw, 1024px\" \/><\/p>\n","protected":false},"excerpt":{"rendered":"<p>Das Wappen der Stadt Sveta Nedelja besitzt die Form eines Schildes und ist von blauer Farbe. Auf dem Schild befinden sich drei wei\u00dfe miteinander verflochtene Ringe. Die Ringe sind, ebenso wie der Schild, von einer schwarzen Umrandung eingefasst. Die ineinander greifenden Ringe symbolisieren die Heilige Dreifaltigkeit, die f\u00fcr die Stadt Sveta Nedelja von gro\u00dfer historischer [&hellip;]<\/p>\n","protected":false},"author":1,"featured_media":236,"parent":158,"menu_order":0,"comment_status":"closed","ping_status":"closed","template":"","meta":{"_acf_changed":false,"footnotes":""},"class_list":["post-235","page","type-page","status-publish","has-post-thumbnail","hentry"],"acf":[],"_links":{"self":[{"href":"https:\/\/grad-svetanedelja.hr\/de\/wp-json\/wp\/v2\/pages\/235","targetHints":{"allow":["GET"]}}],"collection":[{"href":"https:\/\/grad-svetanedelja.hr\/de\/wp-json\/wp\/v2\/pages"}],"about":[{"href":"https:\/\/grad-svetanedelja.hr\/de\/wp-json\/wp\/v2\/types\/page"}],"author":[{"embeddable":true,"href":"https:\/\/grad-svetanedelja.hr\/de\/wp-json\/wp\/v2\/users\/1"}],"replies":[{"embeddable":true,"href":"https:\/\/grad-svetanedelja.hr\/de\/wp-json\/wp\/v2\/comments?post=235"}],"version-history":[{"count":3,"href":"https:\/\/grad-svetanedelja.hr\/de\/wp-json\/wp\/v2\/pages\/235\/revisions"}],"predecessor-version":[{"id":407,"href":"https:\/\/grad-svetanedelja.hr\/de\/wp-json\/wp\/v2\/pages\/235\/revisions\/407"}],"up":[{"embeddable":true,"href":"https:\/\/grad-svetanedelja.hr\/de\/wp-json\/wp\/v2\/pages\/158"}],"wp:featuredmedia":[{"embeddable":true,"href":"https:\/\/grad-svetanedelja.hr\/de\/wp-json\/wp\/v2\/media\/236"}],"wp:attachment":[{"href":"https:\/\/grad-svetanedelja.hr\/de\/wp-json\/wp\/v2\/media?parent=235"}],"curies":[{"name":"wp","href":"https:\/\/api.w.org\/{rel}","templated":true}]}}

<p style="text-align: center;">Das Wappen der Stadt Sveta Nedelja besitzt die Form eines Schildes und ist von blauer Farbe. Auf dem Schild befinden sich drei weiße miteinander verflochtene Ringe. Die Ringe sind, ebenso wie der Schild, von einer schwarzen Umrandung eingefasst. Die ineinander greifenden Ringe symbolisieren die Heilige Dreifaltigkeit, die für die Stadt Sveta Nedelja von großer historischer Bedeutung ist. Der Dreifaltigkeitstag wird feierlich als Tag der Stadt begangen.</p>
<p style="text-align: center;"><img loading="lazy" decoding="async" class="alignnone size-full wp-image-237 aligncenter" src="https://grad-svetanedelja.hr/de/wp-content/uploads/2020/07/grb_grad_sveta_nedelja.png" alt="" width="165" height="216" /></p>
<p style="text-align: center;">Die Flagge der Stadt Sveta Nedelja ist von weißer Farbe. In der Mitte der Flagge befindet sich beidseitig das Stadtwappen von Sveta Nedelja, das von einer schwarzen Umrandung eingefasst ist. Das Verhältnis zwischen Flaggenbreite und -höhe beträgt 2:1.</p>
<p style="text-align: center;"><img loading="lazy" decoding="async" class="alignnone size-medium wp-image-238 aligncenter" src="https://grad-svetanedelja.hr/de/wp-content/uploads/2020/07/zastava_grad_svete_nedelja-300x151.jpg" alt="" width="300" height="151" srcset="https://grad-svetanedelja.hr/de/wp-content/uploads/2020/07/zastava_grad_svete_nedelja-300x151.jpg 300w, https://grad-svetanedelja.hr/de/wp-content/uploads/2020/07/zastava_grad_svete_nedelja-200x100.jpg 200w, https://grad-svetanedelja.hr/de/wp-content/uploads/2020/07/zastava_grad_svete_nedelja-400x201.jpg 400w, https://grad-svetanedelja.hr/de/wp-content/uploads/2020/07/zastava_grad_svete_nedelja.jpg 452w" sizes="auto, (max-width: 300px) 100vw, 300px" /></p>
<p>&nbsp;</p>
<p style="text-align: center;"><strong>Der Tag der Stadt</strong></p>
<p style="text-align: center;">Die Feier zu Ehren des Tages der Stadt Sveta Nedelja fällt mit dem Dreifaltigkeitstag (Mai/Juni) zusammen. An diesem Tag finden zahlreiche Veranstaltungen statt: Gemäldeausstellungen, klassische Musikkonzerte, Sportprogramme, ein buntes Unterhaltungsprogramm mit Aufführungen von Kultur- und Kunstvereinen, ein unterhaltsames Abendprogramm mit Konzerten.</p>
<p style="text-align: center;"><img loading="lazy" decoding="async" class="aligncenter size-large wp-image-49" src="https://grad-svetanedelja.hr/de/wp-content/uploads/2020/07/svned-1652-of-1759-1-1024x683.jpg" alt="" width="1024" height="683" srcset="https://grad-svetanedelja.hr/de/wp-content/uploads/2020/07/svned-1652-of-1759-1-1024x683.jpg 1024w, https://grad-svetanedelja.hr/de/wp-content/uploads/2020/07/svned-1652-of-1759-1-300x200.jpg 300w, https://grad-svetanedelja.hr/de/wp-content/uploads/2020/07/svned-1652-of-1759-1-768x512.jpg 768w, https://grad-svetanedelja.hr/de/wp-content/uploads/2020/07/svned-1652-of-1759-1-1536x1024.jpg 1536w, https://grad-svetanedelja.hr/de/wp-content/uploads/2020/07/svned-1652-of-1759-1-2048x1365.jpg 2048w, https://grad-svetanedelja.hr/de/wp-content/uploads/2020/07/svned-1652-of-1759-1-200x133.jpg 200w, https://grad-svetanedelja.hr/de/wp-content/uploads/2020/07/svned-1652-of-1759-1-400x267.jpg 400w, https://grad-svetanedelja.hr/de/wp-content/uploads/2020/07/svned-1652-of-1759-1-600x400.jpg 600w, https://grad-svetanedelja.hr/de/wp-content/uploads/2020/07/svned-1652-of-1759-1-800x533.jpg 800w, https://grad-svetanedelja.hr/de/wp-content/uploads/2020/07/svned-1652-of-1759-1-1200x800.jpg 1200w, https://grad-svetanedelja.hr/de/wp-content/uploads/2020/07/svned-1652-of-1759-1-1800x1200.jpg 1800w" sizes="auto, (max-width: 1024px) 100vw, 1024px" /></p>

<p>Das Wappen der Stadt Sveta Nedelja besitzt die Form eines Schildes und ist von blauer Farbe. Auf dem Schild befinden sich drei weiße miteinander verflochtene Ringe. Die Ringe sind, ebenso wie der Schild, von einer schwarzen Umrandung eingefasst. Die ineinander greifenden Ringe symbolisieren die Heilige Dreifaltigkeit, die für die Stadt Sveta Nedelja von großer historischer [&hellip;]</p>
